 common divisor of d and 3?
1
Suppose -2*x = -81 - 95. Calculate the highest common factor of 8 and x.
8
Let i be 1 + 476 - (6 + -7). Suppose 4*n - 46 = -b + 54, -5*b = -2*n - i. Let g = 1 - -11. What is the highest common divisor of b and g?
12
Suppose -83 = -5*j + 4*t, 3*t = -5*j - t + 67. Calculate the greatest common factor of 6 and j.
3
Suppose 0*h = 3*h - 3. Suppose 5*d - 24 - h = 0. Suppose 2*j = 4*n + 5*j - 162, -n + d*j = -52. What is the highest common factor of n and 7?
7
Suppose 3*p + 3*a + 468 = 0, 118 = -2*p + 5*a - 180. Let t = -74 - p. Calculate the greatest common factor of t and 10.
10
Let f = 213 - 68. Suppose 4*j + 3*o + 2*o = 224, 2*o = 3*j - f. Suppose 5*w - j = c + c, w = -3*c. Calculate the greatest common divisor of 45 and w.
9
Suppose 13 = 3*a - 17. Suppose 3*x = 102 + 18. What is the greatest common factor of x and a?
10
Let d = -18 - -28. Let q(b) = 3*b**2 - 7*b + 4. Let m be q(6). What is the highest common factor of d and m?
10
Suppose 0 = 4*z + 2*m - 20 + 6, 0 = -3*z - 2*m + 13. Let n(v) = -v. Let d be n(0). Suppose 9 = c - d*c. Calculate the highest common divisor of c and z.
1
Suppose 24*l - 23*l = 117. Let x(d) = -d**3 - d**2 + 2*d + 3. Let z be x(-4). Suppose -5*g = -22 - z. Calculate the highest common divisor of l and g.
13
Let h be (-5)/(-4 + (0 - -3)). Let q be (-2)/(-5) - 73/(-5). Calculate the greatest common factor of q and h.
5
Let i be ((-18)/27)/(4/(-18)). What is the highest common divisor of 21 and i?
3
Suppose a + 11 = 5. Let c be (-42)/(-4)*(-40)/a. What is the greatest common divisor of 10 and c?
10
Suppose 0 = 4*s - 174 - 18. What is the greatest common factor of s and 12?
12
Let a = -73 + 109. Calculate the greatest common divisor of a and 36.
36
Let v(g) be the third derivative of g**5/60 - g**3 - 2*g**2. Let x be v(0). Let n(q) = -q + 4. Let a be n(x). Calculate the highest common factor of 70 and a.
10
Let f = 71 - 37. What is the highest common factor of f and 238?
34
Let t = -6 - -8. Let u be 64 - (t + 2 + -2). Suppose u = 5*j - 18. What is the highest common factor of 16 and j?
16
Let l be (-2 - 14)/(2/(-12)). Suppose 2*h - h = -3*t + 93, -l = -3*t - 2*h. Calculate the greatest common divisor of 6 and t.
6
Let p(q) = q**2 - 2*q + 6. Let c be p(5). Calculate the highest common divisor of 3 and c.
3
Let n(z) = z**3 + 11*z**2 + 7*z - 12. Let c be n(-10). Let x = -161 + 338. Let w = -87 + x. Calculate the greatest common factor of c and w.
18
Let o = -50 + 25. Let c = o - -37. What is the greatest common divisor of c and 6?
6
Let m be -17*(21/(-27) - (-8)/(-36)). Calculate the highest common factor of m and 68.
17
Let r(z) = -z**2 + 8. Let t be r(0). Let m = t + 11. Let c = m - 11. What is the greatest common divisor of 88 and c?
8
Suppose -6*n + 132 = -4*n - 2*f, 4*n - 3*f - 260 = 0. Calculate the highest common factor of 155 and n.
31
Let v = -99 - -137. What is the greatest common divisor of 57 and v?
19
Let i = 40 + -4. Suppose 2*o - 31 = 89. Suppose 5*s - x = 2*x + 60, -5*s - 3*x = -o. What is the highest common factor of i and s?
12
Let v(m) = m**2 + 11*m + 13. Let f be v(-9). Let u = f - -7. What is the greatest common divisor of u and 2?
2
Let h be 12/(9/390*5). What is the highest common divisor of h and 8?
8
Let v(m) = 2*m + 104. Let q be v(0). Suppose 53 = 3*i + 14. What is the greatest common divisor of q and i?
13
Let f(t) be the second derivative of t**3 - 2*t**2 - t. Let c be f(4). Let n = -11 - -16. What is the greatest common divisor of n and c?
5
Let d(t) = -t**3 + 4*t**2 - 3*t. Let p be d(2). Suppose p*o - 156 = 114. Let v(r) = -3*r - 3. Let g be v(-6). Calculate the greatest common factor of g and o.
15
Let g be (-35 - 0)*(-42)/10. Suppose -28 = -5*p + g. Let b be 6/2*5 - 1. What is the highest common divisor of p and b?
7
Let l be 2/(8/(-12)) - -11. What is the greatest common divisor of 40 and l?
8
Suppose -4*p + 5*h + 97 = -84, h - 112 = -3*p. Calculate the greatest common factor of p and 13.
13
Suppose -i - 3*t = -87, 0 = 2*i - 3*t - 136 + 7. Calculate the greatest common factor of i and 9.
9
Let i = -335 - -573. Suppose 5*q = 2*g + 6, 3*q - 3 - 3 = 0. Suppose -4*d + i = -g*d. Calculate the greatest common factor of d and 17.
17
Let b = 24 + -6. Let h be 14/6 - (-3)/(-9). Suppose -h*p + 180 = 2*p. What is the highest common divisor of b and p?
9
Suppose -3*r + 5*r = -5*x + 58, -5*r + 166 = 2*x. Calculate the highest common factor of 68 and r.
34
Suppose 5*b = b + 28. Suppose -5*n + 2*n = -2*x - b, 2*x = -4*n + 28. Calculate the greatest common factor of n and 20.
5
Let n(z) be the first derivative of -z**2 - 4*z - 5*z**2 + 1 + 2*z**2. Let q be n(-3). What is the greatest common divisor of q and 80?
20
Let m = 43 + -25. Let w = -156 + 282. Calculate the greatest common factor of m and w.
18
Let s be (84/(-30))/(1/(-35)). Calculate the highest common divisor of 14 and s.
14
Let t = 0 + 3. Suppose 3*u - 1 = -t*n + 5, -5*n = 4*u - 11. Suppose -f + 11 = s, -4*f + 7*f - 13 = s. What is the greatest common factor of n and f?
3
Suppose 78 = 2*y + 3*b, -91 = -3*y + 2*b - 0*b. Suppose -5*o - 36 = -2*o. Let h = o + 34. Calculate the greatest common factor of h and y.
11
Let u be ((-33)/(-6) - 4)*2. What is the greatest common divisor of 27 and u?
3
Let u(b) be the first derivative of b**2 + 5*b + 7. Let q be u(4). Let p(a) = 38*a**2 + 1. Let f be p(1). What is the highest common factor of f and q?
13
Suppose -30 = -3*o + 8*y - 3*y, y = 4*o - 40. Calculate the highest common divisor of 70 and o.
10
Let g be (-1156)/(-12) - 1/3. Calculate the highest common factor of 12 and g.
12
Suppose 0 = -5*a + 2*g - 28, 3*a = -4*g + 3 + 1. Let z = 28 + a. Let p = 23 + -15. What is the greatest common factor of z and p?
8
Let g = -3 + -1. Let a be (10/g)/((-2)/24). What is the highest common divisor of a and 10?
10
Suppose 8*m - 1421 = -189. What is the greatest common divisor of m and 22?
22
Let d = -67 - -105. Suppose -3*i - g + 46 = g, -5*g + d = 2*i. What is the greatest common factor of i and 126?
14
Suppose 162 = 4*z - z. What is the highest common factor of z and 18?
18
Let o(u) = -5*u + 6. Let n be o(7). Let j = -19 - n. What is the greatest common divisor of 10 and j?
10
Let k = -28 - -100. What is the highest common factor of k and 8?
8
Suppose 0 = 7*t - 2*t - 55. Let j(n) = -n**3 - n**2 - 2*n - 1. Let p be j(-4). Calculate the greatest common divisor of t and p.
11
Let v be (-1)/(4/6)*-2. Let w be ((-2)/(-4))/((-4)/(-280)). Let l = w - 23. What is the highest common factor of l and v?
3
Let d = 462 - 327. What is the greatest common factor of 15 and d?
15
Suppose 64 + 66 = 2*c. Suppose 0 = -5*y - 15 + c. Calculate the greatest common factor of 10 and y.
10
Let o(j) = j**3 - 7*j**2 + 6*j - 6. Let d be o(7). What is the highest common divisor of 9 and d?
9
Let q be (0/6)/(-2 + 1). Suppose -3*k + 5 + 7 = q. Calculate the greatest common factor of 6 and k.
2
Let k = -1 - -5. Suppose 2*y - 4*y = -k*m - 20, 4*y = -5*m + 40. Calculate the greatest common divisor of 50 and y.
10
Let l = 21 - 12. Suppose 7*z - 5*z - 54 = 0. Calculate the greatest common factor of l and z.
9
Suppose y + y = 112. Let a = 6 - -2. Calculate the greatest common divisor of a and y.
8
Suppose z - 6 = -p + 3*p, -z + 4*p = -2. Let r = 5 + 0. Suppose -5*n + 85 + 100 = r*y, y = 3*n - 123. What is the highest common divisor of n and z?
10
Suppose 0*y = 4*y - 5*d - 105, -3*y - 4*d + 40 = 0. What is the greatest common divisor of 140 and y?
20
Suppose -2*p + 23 = -1. Suppose -350 = -3*h + 46. What is the highest common factor of h and p?
12
Let p(y) = -3*y + 3. Let g(h) = h**3 - 4*h - 3. Let l be g(-2). Let v be p(l). Let s be (-578)/(-6) - 3/9. What is the greatest common divisor of v and s?
12
Let l = 3 - 1. Let f be 66*(-2)/(-8)*l. Suppose 22 = 19*a - 17*a. Calculate the highest common factor of a and f.
11
Let b(u) = -5*u + 18. Let c(d) = -11*d + 37. Let v(g) = 13*b(g) - 6*c(g). Let n be v(-4). What is the highest common divisor of n and 24?
8
Let j be (36/30)/(2/5). Suppose -j*y = -2*p + 37, -3*p + 40 = 4*y - 24. What is the greatest common divisor of p and 80?
20
Suppose -2*p - 15 = 2*p + 3*k, 0 = 4*p + 4*k + 16. Let b = p - -10. What is the greatest common factor of 7 and b?
7
Let i be (6/9)/((-4)/(-102)). Le